s of 523.
523
List the prime factors of 71398.
2, 29, 1231
List the prime factors of 264.
2, 3, 11
List the prime factors of 25806.
2, 3, 11, 17, 23
List the prime factors of 11905.
5, 2381
List the prime factors of 98658.
2, 3, 7, 29
List the prime factors of 1068.
2, 3, 89
What are the prime factors of 27725?
5, 1109
What are the prime factors of 762?
2, 3, 127
What are the prime factors of 977?
977
List the prime factors of 92870.
2, 5, 37, 251
List the prime factors of 8595.
3, 5, 191
List the prime factors of 317.
317
List the prime factors of 7673.
7673
List the prime factors of 254.
2, 127
What are the prime factors of 42721?
7, 17, 359
List the prime factors of 2438.
2, 23, 53
List the prime factors of 28197.
3, 13, 241
List the prime factors of 35064.
2, 3, 487
What are the prime factors of 42806?
2, 17, 1259
List the prime factors of 16124.
2, 29, 139
What are the prime factors of 10130?
2, 5, 1013
What are the prime factors of 1376?
2, 43
List the prime factors of 905.
5, 181
What are the prime factors of 276?
2, 3, 23
List the prime factors of 30828.
2, 3, 7, 367
List the prime factors of 5588.
2, 11, 127
List the prime factors of 55918.
2, 73, 383
What are the prime factors of 8607?
3, 19, 151
What are the prime factors of 1557?
3, 173
List the prime factors of 1218.
2, 3, 7, 29
What are the prime factors of 9895?
5, 1979
List the prime factors of 35639.
157, 227
What are the prime factors of 778?
2, 389
List the prime factors of 37692.
2, 3, 349
What are the prime factors of 1375?
5, 11
List the prime factors of 826.
2, 7, 59
List the prime factors of 4278.
2, 3, 23, 31
What are the prime factors of 2046?
2, 3, 11, 31
What are the prime factors of 3848?
2, 13, 37
List the prime factors of 17.
17
What are the prime factors of 2653?
7, 379
What are the prime factors of 2556?
2, 3, 71
List the prime factors of 667.
23, 29
What are the prime factors of 2271?
3, 757
What are the prime factors of 91262?
2, 45631
What are the prime factors of 2316?
2, 3, 193
What are the prime factors of 1966?
2, 983
List the prime factors of 43730.
2, 5, 4373
List the prime factors of 812.
2, 7, 29
List the prime factors of 6074.
2, 3037
List the prime factors of 18105.
3, 5, 17, 71
List the prime factors of 7905.
3, 5, 17, 31
What are the prime factors of 7636?
2, 23, 83
What are the prime factors of 2776?
2, 347
What are the prime factors of 36656?
2, 29, 79
What are the prime factors of 1054?
2, 17, 31
What are the prime factors of 758?
2, 379
List the prime factors of 832.
2, 13
What are the prime factors of 1342?
2, 11, 61
What are the prime factors of 288?
2, 3
List the prime factors of 26552.
2, 3319
What are the prime factors of 33189?
3, 13, 23, 37
List the prime factors of 1805.
5, 19
List the prime factors of 85679.
11, 7789
What are the prime factors of 1247?
29, 43
List the prime factors of 20007.
3, 13, 19
List the prime factors of 2534.
2, 7, 181
List the prime factors of 30890.
2, 5, 3089
List the prime factors of 117.
3, 13
List the prime factors of 28462.
2, 7, 19, 107
List the prime factors of 27947.
27947
List the prime factors of 19926.
2, 3, 41
What are the prime factors of 3430?
2, 5, 7
What are the prime factors of 5483?
5483
What are the prime factors of 423?
3, 47
What are the prime factors of 3733?
3733
List the prime factors of 6163.
6163
List the prime factors of 8204.
2, 7, 293
What are the prime factors of 51568?
2, 11, 293
What are the prime factors of 3268?
2, 19, 43
What are the prime factors of 581?
7, 83
List the prime factors of 3543.
3, 1181
List the prime factors of 8487.
3, 23, 41
What are the prime factors of 1017?
3, 113
List the prime factors of 2462.
2, 1231
List the prime factors of 1803.
3, 601
What are the prime factors of 309?
3, 103
List the prime factors of 91081.
91081
What are the prime factors of 87945?
3, 5, 11, 13, 41
What are the prime factors of 2190?
2, 3, 5, 73
What are the prime factors of 51460?
2, 5, 31, 83
List the prime factors of 12779.
13, 983
List the prime factors of 5712.
2, 3, 7, 17
List the prime factors of 68.
2, 17
List the prime factors of 1272.
2, 3, 53
List the prime factors of 1998.
2, 3, 37
List the prime factors of 979.
11, 89
What are the prime factors of 57457?
57457
What are the prime factors of 3639?
3, 1213
List the prime factors of 62754.
2, 3, 10459
What are the prime factors of 8272?
2, 11, 47
List the prime factors of 802.
2, 401
What are the prime factors of 1779?
3, 593
What are the prime factors of 5989?
53, 113
List the prime factors of 22.
2, 11
List the prime factors of 95438.
2, 7, 17, 401
What are the prime factors of 413?
7, 59
What are the prime factors of 9107?
7, 1301
What are the prime factors of 443?
443
List the prime factors of 8865.
3, 5, 197
List the prime factors of 8991.
3, 37
List the prime factors of 281.
281
List the prime factors of 74822.
2, 11, 19, 179
List the prime factors of 5864.
2, 733
What are the prime factors of 291?
3, 97
What are the prime factors of 14296?
2, 1787
List the prime factors of 24915.
3, 5, 11, 151
List the prime factors of 1351.
7, 193
What are the prime factors of 83655?
3, 5, 11, 13
List the prime factors of 6167.
7, 881
What are the prime factors of 1497?
3, 499
List the prime factors of 8979.
3, 41, 73
What are the prime factors of 1233?
3, 137
List the prime factors of 8695.
5, 37, 47
What are the prime factors of 19469?
19469
List the prime factors of 15244.
2, 37, 103
What are the prime factors of 24760?
2, 5, 619
List the prime factors of 2963.
2963
What are the prime factors of 5746?
2, 13, 17
List the prime factors of 51186.
2, 3, 19, 449
List the prime factors of 4378.
2, 11, 199
What are the prime factors of 5114?
2, 2557
List the prime factors of 3522.
2, 3, 587
What are the prime factors of 1754?
2, 877
What are the prime factors of 1356?
2, 3, 113
What are the prime factors of 38354?
2, 127, 151
List the prime factors of 29556.
2, 3, 821
What are the prime factors of 46422?
2, 3, 2579
What are the prime factors of 203?
7, 29
What are the prime factors of 1071?
3, 7, 17
What are the prime factors of 2498?
2, 1249
List the prime factors of 726.
2, 3, 11
List the prime factors of 7007.
7, 11, 13
List the prime factors of 10986.
2, 3, 1831
List the prime factors of 67528.
2, 23, 367
List the prime factors of 2867.
47, 61
List the prime factors of 118363.
7, 37, 457
List the prime factors of 2226.
2, 3, 7, 53
List the prime factors of 78658.
2, 67, 587
What are the prime factors of 757?
757
What are the prime factors of 2046?
2, 3, 11, 31
What are the prime factors of 43358?
2, 7, 19, 163
What are the prime factors of 6176?
2, 193
What are the prime factors of 15184?
2, 13, 73
List the prime factors of 284.
2, 71
List the prime factors of 1038.
2, 3, 173
What are the prime factors of 46537?
173, 269
List the prime factors of 614.
2, 307
List the prime factors of 13130.
2, 5, 13, 101
List the prime factors of 4720.
2, 5, 59
List the prime factors of 223.
223
What are the prime factors of 5818?
2, 2909
List the prime factors of 1033.
1033
List the prime factors of 71054.
2, 35527
List the prime factors of 23760.
2, 3, 5, 11
List the prime factors of 8065.
5, 1613
List the prime factors of 2311.
2311
List the prime factors of 1956.
2, 3, 163
List the prime factors of 13959.
3, 11, 47
List the prime factors of 856.
2, 107
What are the prime factors of 1143?
3, 127
List the prime factors of 263.
263
List the prime factors of 59467.
59467
What are the prime factors of 3523?
13, 271
What are the prime factors of 803?
11, 73
List the prime factors of 11748.
2, 3, 11, 89
List the prime factors of 4986.
2, 3, 277
What are the prime factors of 1712?
2, 107
What are the prime factors of 13880?
2, 5, 347
List the prime factors of 2358.
2, 3, 131
List the prime factors of 4768.
2, 149
What are the prime factors of 1289?
1289
What are the prime factors of 36982?
2, 11, 41
What are the prime factors of 6086?
2, 17, 179
What are the prime factors of 12909?
3, 13, 331
What are the prime factors of 1871?
1871
List the prime factors of 61363.
61363
What are the prime factors of 27141?
3, 83, 109
What are the prime factors of 98216?
2, 12277
List the prime factors of 9882.
2, 3, 61
What are the prime factors of 13557?
3, 4